INSERT INTO `s_transaction` VALUES (397696,'T25009930','2025-12-31',5,23,NULL,15000,2,79167000,'widia',1,'https://financeagro.s3.ap-southeast-3.amazonaws.com/transaction/receipt.397696.jpg','bensin motor rival (30 desember)',9,9,'2025-12-31 12:52:28','2025-12-31 12:54:30'),(397697,'T25009931','2025-12-31',5,19,NULL,6000,2,79161000,'widia',4,NULL,'parkir motor rival (30 desember)',9,9,'2025-12-31 12:55:05','2025-12-31 12:55:05'),(397698,'T25009932','2025-12-31',5,35,NULL,30000,2,79131000,'widia',5,NULL,'cashbon rival (30 desember)',9,9,'2025-12-31 12:56:09','2025-12-31 12:56:10'),(397699,'T25009933','2025-12-31',5,19,NULL,4000,2,79127000,'widia',4,NULL,'parkir mobil dani (30 desember)',9,9,'2025-12-31 12:56:29','2025-12-31 12:56:29'),(397700,'T25009934','2025-12-31',5,35,NULL,30000,2,79097000,'widia',5,NULL,'cashbon dani (30 desember)',9,9,'2025-12-31 12:59:12','2025-12-31 12:59:12'),(397701,'T25009935','2025-12-31',5,19,NULL,6000,2,79091000,'widia',4,NULL,'parkir motor rizal (30 desember)',9,9,'2025-12-31 12:59:36','2025-12-31 12:59:47'),(397702,'T25009936','2025-12-31',5,67,NULL,10000,2,79081000,'widia',1,'https://financeagro.s3.ap-southeast-3.amazonaws.com/transaction/receipt.397702.jpg','minyak rem motor rizal (30 desember)',9,9,'2025-12-31 13:00:41','2025-12-31 13:00:42'),(397703,'T25009937','2025-12-31',5,19,NULL,3000,2,79078000,'widia',4,NULL,'parkir motor wahyu (30 desember)',9,9,'2025-12-31 13:01:05','2025-12-31 13:01:05'),(397704,'T25009938','2025-12-31',5,19,NULL,15000,2,79063000,'widia',5,NULL,'parkir mobil rey (30 desember)',9,9,'2025-12-31 13:01:19','2025-12-31 13:01:20'),(397705,'T25009939','2025-12-31',5,35,NULL,45000,2,79018000,'widia',5,NULL,'cashbon bagus (30 desember)',9,9,'2025-12-31 13:01:34','2025-12-31 13:01:34'),(397706,'T25009940','2025-12-31',5,35,NULL,30000,2,78988000,'widia',5,NULL,'cashbon adis (30 desember)',9,9,'2025-12-31 13:01:47','2025-12-31 13:01:47'),(397707,'T25009941','2025-12-31',5,64,NULL,76791500,2,2196500,'widia',1,'https://financeagro.s3.ap-southeast-3.amazonaws.com/transaction/receipt.397707.jpg','setor tunai (31 desember)',9,9,'2025-12-31 13:03:20','2025-12-31 13:03:20'),(397708,'T25009942','2025-12-31',5,19,NULL,7500,2,2189000,'widia',4,NULL,'parkir mobil recehan dani,rey,adis (31 desember)',9,9,'2025-12-31 13:03:48','2025-12-31 13:03:48'),(397709,'T25009943','2025-12-31',5,23,NULL,84000,2,2105000,'widia',1,'https://financeagro.s3.ap-southeast-3.amazonaws.com/transaction/receipt.397709.jpg','bensin motor pagi rizal,rival,wahyu,rasyid (31 desember)',9,9,'2025-12-31 13:04:17','2025-12-31 13:04:17'),(397710,'T25009944','2025-12-31',5,7,NULL,60000,2,2045000,'widia',4,NULL,'upah pegawai harian (31 desember)',9,9,'2025-12-31 13:04:34','2025-12-31 13:04:34'),(397711,'T25009945','2025-12-31',63,12,NULL,2500,2,435153960,'widia',4,NULL,'adm bank (30 desember)',9,9,'2025-12-31 13:10:07','2025-12-31 13:10:07'),(397712,'T25009946','2025-12-31',63,38,NULL,250000000,2,185153960,'widia',4,NULL,'pindah kas (30 desember)',9,9,'2025-12-31 13:10:26','2025-12-31 13:10:26'),(397713,'T25009947','2025-12-31',63,12,NULL,2500,2,185151460,'widia',4,NULL,'adm bank (30 desember)',9,9,'2025-12-31 13:10:40','2025-12-31 13:10:40'),(397714,'T25009948','2025-12-31',63,38,NULL,100000000,2,85151460,'widia',4,NULL,'pindah kas (30 desember)',9,9,'2025-12-31 13:11:01','2025-12-31 13:11:01'),(397715,'T25009949','2025-12-31',63,39,NULL,76791500,1,161942960,'widia',1,'https://financeagro.s3.ap-southeast-3.amazonaws.com/transaction/receipt.397715.jpg','setor tunai (31 desember)',9,9,'2025-12-31 13:12:09','2025-12-31 13:12:09'),(397716,'T25009950','2025-12-31',3,23,NULL,333800,2,993759.61999995,'widia',1,'https://financeagro.s3.ap-southeast-3.amazonaws.com/transaction/receipt.397716.jpg','bensin mobil granmax hitam adis (31 desember)',9,9,'2025-12-31 13:14:31','2025-12-31 13:14:31'),(397717,'T25009951','2025-12-31',8,4,NULL,2550000,1,61497147.399994,'widia',1,'https://financeagro.s3.ap-southeast-3.amazonaws.com/transaction/receipt.397717.jpg','pembayaran tk. iskandar-ps cikereteg (30 desember)',9,9,'2025-12-31 13:18:49','2025-12-31 13:18:50'),(397718,'T25009952','2025-12-31',8,4,NULL,750000,1,62247147.399994,'widia',1,'https://financeagro.s3.ap-southeast-3.amazonaws.com/transaction/receipt.397718.jpg','pembayaran tk. rudi-pamoyanan (30 desember)',9,9,'2025-12-31 13:19:18','2025-12-31 13:19:18'),(397719,'T25009953','2025-12-31',8,4,NULL,745000,1,62992147.399994,'widia',1,'https://financeagro.s3.ap-southeast-3.amazonaws.com/transaction/receipt.397719.jpg','pembayaran tk. budi-ps 31 bojong gede (31 desember)',9,9,'2025-12-31 13:19:56','2025-12-31 13:19:56'),(397720,'T25009954','2025-12-31',8,4,NULL,1950000,1,64942147.399994,'widia',1,'https://financeagro.s3.ap-southeast-3.amazonaws.com/transaction/receipt.397720.jpg','pembayaran tk. aligra-cidahu (31 desember)',9,9,'2025-12-31 13:20:25','2025-12-31 13:20:26'),(397721,'T25009955','2025-12-31',8,4,NULL,1950000,1,66892147.399994,'widia',1,'https://financeagro.s3.ap-southeast-3.amazonaws.com/transaction/receipt.397721.jpg','pembayaran tk. anisa-tonjong (31 desember)',9,9,'2025-12-31 13:20:55','2025-12-31 13:20:55'),(397722,'T25009956','2025-12-31',8,4,NULL,445000,1,67337147.399994,'widia',1,'https://financeagro.s3.ap-southeast-3.amazonaws.com/transaction/receipt.397722.jpg','pembayaran tk. amanah-bdb 2 jl sukahati (31 desember)',9,9,'2025-12-31 13:21:20','2025-12-31 13:21:20'),(397723,'T25009957','2025-12-31',8,25,NULL,4492283,2,62844864.399994,'widia',4,NULL,'pajak import (31 desember)',9,9,'2025-12-31 13:21:39','2025-12-31 13:21:39'),(397724,'T25009958','2025-12-31',8,4,NULL,580500,1,63425364.399994,'widia',1,'https://financeagro.s3.ap-southeast-3.amazonaws.com/transaction/receipt.397724.jpg','pembayaran tk. rini-cimande (31 desember)',9,9,'2025-12-31 13:22:16','2025-12-31 13:22:17'),(397725,'T25009959','2025-12-31',8,4,NULL,135000,1,63560364.399994,'widia',1,'https://financeagro.s3.ap-southeast-3.amazonaws.com/transaction/receipt.397725.jpg','pembayaran tk. bude ana-ps tamansari (31 desember)',9,9,'2025-12-31 13:22:52','2025-12-31 13:22:52'),(397726,'T25009960','2025-12-31',8,4,NULL,299500,1,63859864.399994,'widia',1,'https://financeagro.s3.ap-southeast-3.amazonaws.com/transaction/receipt.397726.jpg','pembayaran tk. dani-caringin (31 desember)',9,9,'2025-12-31 13:23:19','2025-12-31 13:23:19'),(397727,'T25009961','2025-12-31',8,4,NULL,727000,1,64586864.399994,'widia',1,'https://financeagro.s3.ap-southeast-3.amazonaws.com/transaction/receipt.397727.jpg','pembayaran tk. sayur ani-sawangan (31 desember)',9,9,'2025-12-31 13:53:28','2025-12-31 13:53:28'),(397728,'T25009962','2025-12-31',8,4,NULL,57000,1,64643864.399994,'widia',1,'https://financeagro.s3.ap-southeast-3.amazonaws.com/transaction/receipt.397728.jpg','pembayaran tk. pak ade-cidahu (31 desember)',9,9,'2025-12-31 14:08:23','2025-12-31 14:08:23'),(397729,'T25009963','2025-12-31',8,4,NULL,447500,1,65091364.399994,'widia',1,'https://financeagro.s3.ap-southeast-3.amazonaws.com/transaction/receipt.397729.jpg','pembayaran tk. waluya-ps tamansari (31 desember)',9,9,'2025-12-31 16:08:51','2025-12-31 16:08:51'),(397730,'T25009964','2025-12-31',8,4,NULL,200000,1,65291364.399994,'widia',1,'https://financeagro.s3.ap-southeast-3.amazonaws.com/transaction/receipt.397730.jpg','pembayaran tk. siti-ps ciawi (31 desember)',9,9,'2025-12-31 16:18:13','2025-12-31 16:18:13'),(397731,'T25009965','2025-12-31',5,29,NULL,600000,2,1445000,'widia',4,NULL,'konsumsi closing (31 desember)',9,9,'2025-12-31 19:27:55','2025-12-31 19:27:55'),(397732,'T25009966','2025-12-31',5,4,NULL,82908000,1,84353000,'widia',4,NULL,'penjualan (31 desember)',9,9,'2025-12-31 19:28:20','2025-12-31 19:28:20'),(397733,'T25009967','2025-12-31',5,19,NULL,2000,2,84351000,'widia',4,NULL,'parkir mobil dani (31 desember)',9,9,'2025-12-31 19:28:49','2025-12-31 19:28:50'),(397734,'T25009968','2025-12-31',5,35,NULL,32000,2,84319000,'widia',5,NULL,'cashbon dani (31 desember)',9,9,'2025-12-31 19:29:06','2025-12-31 19:29:07'),(397735,'T25009969','2025-12-31',5,19,NULL,15000,2,84304000,'widia',4,NULL,'parkir mobil rey (31 desember)',9,9,'2025-12-31 19:29:23','2025-12-31 19:29:24'),(397736,'T25009970','2025-12-31',5,19,NULL,6000,2,84298000,'widia',4,NULL,'parkir motor wahyu (31 desember)',9,9,'2025-12-31 19:29:39','2025-12-31 19:29:39'),(397737,'T25009971','2025-12-31',5,35,NULL,20000,2,84278000,'widia',5,NULL,'cashbon wahyu (31 desember)',9,9,'2025-12-31 19:29:52','2025-12-31 19:29:52'),(397738,'T25009972','2025-12-31',5,19,NULL,6000,2,84272000,'widia',4,NULL,'parkir motor rasyid (31 desember)',9,9,'2025-12-31 19:30:15','2025-12-31 19:30:15'),(397739,'T25009973','2025-12-31',5,35,NULL,30000,2,84242000,'widia',5,NULL,'cashbon rizky (31 desember)',9,9,'2025-12-31 19:30:31','2025-12-31 19:30:31'),(397740,'T25009974','2025-12-31',5,35,NULL,30000,2,84212000,'widia',5,NULL,'cashbon bagus (31 desember)',9,9,'2025-12-31 19:30:44','2025-12-31 19:30:44'),(397741,'T25009975','2025-12-31',5,19,NULL,20000,2,84192000,'widia',4,NULL,'parkir mobil adis (31 desember)',9,9,'2025-12-31 19:30:59','2025-12-31 19:30:59'),(397742,'T25009976','2025-12-31',5,23,NULL,15000,2,84177000,'widia',1,'https://financeagro.s3.ap-southeast-3.amazonaws.com/transaction/receipt.397742.jpg','bensin motor rival (31 desember)',9,9,'2025-12-31 19:31:57','2025-12-31 19:31:58'),(397743,'T25009977','2025-12-31',5,19,NULL,10000,2,84167000,'widia',4,NULL,'parkir motor rival (31 desember)',9,9,'2025-12-31 19:32:13','2025-12-31 19:32:13'),(397744,'T25009978','2025-12-31',5,35,NULL,30000,2,84137000,'widia',5,NULL,'cashbon rival (31 desember)',9,9,'2025-12-31 19:32:27','2025-12-31 19:32:27'),(397745,'T25009979','2025-12-31',5,19,NULL,10000,2,84127000,'widia',4,NULL,'parkir motor rizal (31 desember)',9,9,'2025-12-31 19:32:52','2025-12-31 19:32:52'),(397746,'T25009980','2025-12-31',5,23,NULL,15000,2,84112000,'widia',1,'https://financeagro.s3.ap-southeast-3.amazonaws.com/transaction/receipt.397746.jpg','bensin motor rizal (31 desember)',9,9,'2025-12-31 19:33:28','2025-12-31 19:35:25'),(397747,'T25009981','2025-12-31',3,23,NULL,184008,2,809751.61999995,'widia',1,'https://financeagro.s3.ap-southeast-3.amazonaws.com/transaction/receipt.397747.jpg','bensin mobil traga dani (31 desember)',9,9,'2025-12-31 19:53:04','2025-12-31 19:53:05'),(397748,'T26000001','2026-01-02',5,63,NULL,46950000,2,37162000,'widia',4,NULL,'pindah ke kas management closingan (31 desember)',9,9,'2026-01-02 13:24:48','2026-01-02 13:24:48'),(397749,'T26000002','2026-01-02',5,64,NULL,33717000,2,3445000,'widia',1,'https://financeagro.s3.ap-southeast-3.amazonaws.com/transaction/receipt.397749.jpg','setor tunai (02 januari)',9,9,'2026-01-02 13:25:28','2026-01-02 13:25:29'),(397750,'T26000003','2026-01-02',5,19,NULL,7500,2,3437500,'widia',4,NULL,'parkir mobil recehan dani,rey,adis (02 januari)',9,9,'2026-01-02 13:26:58','2026-01-02 13:26:58'),(397751,'T26000004','2026-01-02',5,23,NULL,97000,2,3340500,'widia',1,'https://financeagro.s3.ap-southeast-3.amazonaws.com/transaction/receipt.397751.jpg','bensin motor pagi rizal,rival,wahyu,rasyid,ridwan (02 januari)',9,9,'2026-01-02 13:27:50','2026-01-02 13:27:51'),(397752,'T26000005','2026-01-02',5,13,NULL,320000,2,3020500,'widia',1,'https://financeagro.s3.ap-southeast-3.amazonaws.com/transaction/receipt.397752.jpg','pembelian plastik 10kg (02 januari)',9,9,'2026-01-02 13:28:32','2026-01-02 13:28:33'),(397753,'T26000006','2026-01-02',5,29,NULL,40000,2,2980500,'widia',1,'https://financeagro.s3.ap-southeast-3.amazonaws.com/transaction/receipt.397753.jpg','pembelian aqua galon 2 (02 januari)',9,9,'2026-01-02 13:30:07','2026-01-02 13:30:07'),(397754,'T26000007','2026-01-02',5,7,NULL,60000,2,2920500,'widia',4,NULL,'upah pegawai harian (02 januari)',9,9,'2026-01-02 13:30:36','2026-01-02 13:30:36'),(397755,'T26000008','2026-01-02',5,27,NULL,19900,2,2900600,'widia',1,'https://financeagro.s3.ap-southeast-3.amazonaws.com/transaction/receipt.397755.jpg','pembelian tissue (02 januari)',9,9,'2026-01-02 13:31:38','2026-01-02 13:31:38'),(397756,'T26000009','2026-01-02',8,12,NULL,30000,2,65261364.399994,'widia',4,NULL,'adm bank (31 desember)',9,9,'2026-01-02 13:34:51','2026-01-02 13:34:51'),(397757,'T26000010','2026-01-02',8,36,NULL,26619,1,65287983.399994,'widia',4,NULL,'bunga bank (31 desember)',9,9,'2026-01-02 13:36:39','2026-01-02 13:37:56'),(397758,'T26000011','2026-01-02',8,12,NULL,5323,2,65282660.399994,'widia',4,NULL,'pajak bunga (31 desember)',9,9,'2026-01-02 13:37:47','2026-01-02 13:37:47'),(397759,'T26000012','2026-01-02',8,4,NULL,1000000,1,66282660.399994,'widia',1,'https://financeagro.s3.ap-southeast-3.amazonaws.com/transaction/receipt.397759.jpg','pembayaran tk. bobi-cinangneng (01 januari)',9,9,'2026-01-02 13:38:49','2026-01-02 13:38:49'),(397760,'T26000013','2026-01-02',8,4,NULL,400000,1,66682660.399994,'widia',1,'https://financeagro.s3.ap-southeast-3.amazonaws.com/transaction/receipt.397760.jpg','pembayaran tk. rina-sukahati (02 januari)',9,9,'2026-01-02 13:39:17','2026-01-02 13:39:18'),(397761,'T26000014','2026-01-02',8,4,NULL,200000,1,66882660.399994,'widia',1,'https://financeagro.s3.ap-southeast-3.amazonaws.com/transaction/receipt.397761.jpg','pembayaran tk. haris-pamijahan (02 januari)',9,9,'2026-01-02 13:39:45','2026-01-02 13:39:46'),(397762,'T26000015','2026-01-02',8,4,NULL,800000,1,67682660.399994,'widia',1,'https://financeagro.s3.ap-southeast-3.amazonaws.com/transaction/receipt.397762.jpg','pembayaran tk. sinar plastik-ps cipanas (02 januari)',9,9,'2026-01-02 13:40:14','2026-01-02 13:40:14'),(397763,'T26000016','2026-01-02',3,23,NULL,91700,2,718051.61999995,'widia',1,'https://financeagro.s3.ap-southeast-3.amazonaws.com/transaction/receipt.397763.jpg','bensin mobil granmax hitam adis (31 desember)',9,9,'2026-01-02 13:43:21','2026-01-02 13:43:22'),(397764,'T26000017','2026-01-02',3,23,NULL,297000,2,421051.61999995,'widia',1,'https://financeagro.s3.ap-southeast-3.amazonaws.com/transaction/receipt.397764.jpg','bensin mobil granmax silver rey (31 desember)',9,9,'2026-01-02 13:44:21','2026-01-02 13:44:22'),(397765,'T26000018','2026-01-02',63,12,NULL,2500,2,161940460,'widia',4,NULL,'adm bank (31 desember)',9,9,'2026-01-02 13:45:59','2026-01-02 13:45:59'),(397766,'T26000019','2026-01-02',63,38,NULL,50000000,2,111940460,'widia',4,NULL,'pindah kas (31 desember)',9,9,'2026-01-02 13:46:33','2026-01-02 13:46:33'),(397767,'T26000020','2026-01-02',63,39,NULL,33717000,1,145657460,'widia',1,'https://financeagro.s3.ap-southeast-3.amazonaws.com/transaction/receipt.397767.jpg','setor tunai (02 januari)',9,9,'2026-01-02 13:47:08','2026-01-02 13:47:09'),(397768,'T26000021','2026-01-02',8,4,NULL,147000,1,67829660.399994,'widia',1,'https://financeagro.s3.ap-southeast-3.amazonaws.com/transaction/receipt.397768.jpg','pembayaran tk. raja plastik-pomad (02 januari)',9,9,'2026-01-02 14:45:58','2026-01-02 14:45:59'),(397769,'T26000022','2026-01-02',8,4,NULL,804000,1,68633660.399994,'widia',1,'https://financeagro.s3.ap-southeast-3.amazonaws.com/transaction/receipt.397769.jpg','pembayaran tk. naqosa-sukmajaya (02 januari)',9,9,'2026-01-02 15:54:53','2026-01-02 15:54:56'),(397770,'T26000023','2026-01-02',8,4,NULL,415000,1,69048660.399994,'widia',1,'https://financeagro.s3.ap-southeast-3.amazonaws.com/transaction/receipt.397770.jpg','pembayaran tk. ghina frozen-cibungbulang (02 januari)',9,9,'2026-01-02 15:56:08','2026-01-02 15:56:09');

--
-- Table structure for table `s_user`
--

CREATE TABLE `s_user` (
  `id` int(1) unsigned NOT NULL AUTO_INCREMENT,
  `email` varchar(50) NOT NULL,
  `password` varchar(255) NOT NULL DEFAULT '',
  `jwt_key` text DEFAULT NULL,
  `name` varchar(255) NOT NULL DEFAULT '',
  `mobile` varchar(50) DEFAULT NULL,
  `image` varchar(255) DEFAULT NULL,
  `level` tinyint(3) NOT NULL DEFAULT 1 COMMENT '1=admin,2=SPV,3=manager,4=Superadmin',
  `status` tinyint(1) unsigned DEFAULT 1,
  `created` datetime DEFAULT NULL,
  `updated` datetime DEFAULT NULL,
  `access_payroll` tinyint(3) NOT NULL DEFAULT 0,
  `access_cashbon` tinyint(3) NOT NULL DEFAULT 0,
  `access_asset` tinyint(3) NOT NULL DEFAULT 0,
  PRIMARY KEY (`id`),
  KEY `email` (`email`)
) ENGINE=InnoDB AUTO_INCREMENT=292 DEFAULT CHARSET=latin1 COLLATE=latin1_swedish_ci ROW_FORMAT=COMPACT;

--
-- Dumping data for table `s_user`
--

INSERT INTO `s_user` VALUES (1,'abdul.r4hman@gmail.com','$2y$12$kagbflrH6f.QV/7f/16OoO0nVa5ui8/McqLL7PY4tKhGt339tt5JK','','Abdul Rahman','081318227996','',4,1,'2018-01-26 13:39:56','2018-01-26 13:39:56',1,0,0),(2,'r4cheem@gmail.com','$2y$12$kagbflrH6f.QV/7f/16OoO0nVa5ui8/McqLL7PY4tKhGt339tt5JK','','Abdul Rahim','081320325846','',4,1,'2018-01-26 13:39:56','2018-01-26 13:39:56',1,0,0),(3,'srifitriah.jtk11@gmail.com','$2y$12$kagbflrH6f.QV/7f/16OoO0nVa5ui8/McqLL7PY4tKhGt339tt5JK','','Sri Fitriah','08996161700','',4,1,'2018-01-16 17:23:54','2018-01-16 17:23:54',1,0,0),(4,'sastra.afandi@gmail.com','$2y$12$kagbflrH6f.QV/7f/16OoO0nVa5ui8/McqLL7PY4tKhGt339tt5JK','','Setia Darmawan Afandi','','',4,1,'2018-01-16 17:23:54','2018-01-16 17:23:54',1,0,0),(5,'febby.jefany@gmail.com','$2y$12$kagbflrH6f.QV/7f/16OoO0nVa5ui8/McqLL7PY4tKhGt339tt5JK','','Febby Olivia Jefany','085271644554','',1,0,'2018-01-29 22:04:57','2018-01-29 22:04:57',0,0,0),(6,'vc.ganesha@gmail.com','$2y$12$kagbflrH6f.QV/7f/16OoO0nVa5ui8/McqLL7PY4tKhGt339tt5JK','','Staff Keuangan','081320325846','',2,1,'2018-07-14 11:02:54','2018-07-14 11:02:54',0,0,0),(7,'delfcode@gmail.com','$2y$12$kagbflrH6f.QV/7f/16OoO0nVa5ui8/McqLL7PY4tKhGt339tt5JK','','Superadmin','628','',4,1,'2021-07-30 09:27:33','2021-07-30 09:27:33',1,0,0),(8,'widi@agroka.com','$2y$12$kagbflrH6f.QV/7f/16OoO0nVa5ui8/McqLL7PY4tKhGt339tt5JK','','widi','62','',2,1,'2022-02-05 02:24:24','2022-02-05 02:24:24',0,0,0),(9,'widia@agroka.com','$2y$12$fumGY5kai96.hlgKaQ8HbOoJny0fwWQ3RhWlnJmAPp1TzNDUoYFNa','','widia','62','',2,1,'2022-02-05 02:31:23','2024-07-04 10:36:56',0,0,0);

--
-- Table structure for table `s_user_account`
--

CREATE TABLE `s_user_account` (
  `id` int(11) NOT NULL AUTO_INCREMENT,
  `user_id` int(11) NOT NULL DEFAULT 0,
  `transaction_account_id` int(11) NOT NULL DEFAULT 0,
  `created` datetime DEFAULT NULL,
  `created_by` int(11) NOT NULL DEFAULT 0,
  PRIMARY KEY (`id`)
) ENGINE=InnoDB AUTO_INCREMENT=386 DEFAULT CHARSET=latin1 COLLATE=latin1_swedish_ci;

--
-- Dumping data for table `s_user_account`
--

INSERT INTO `s_user_account` VALUES (1,1,1,'2020-01-15 19:36:19',1),(2,1,3,'2020-01-15 19:36:19',1),(3,1,4,'2020-01-15 19:36:19',1),(4,1,2,'2020-01-15 19:36:19',1),(5,1,5,'2020-01-15 19:36:19',1),(11,2,1,'2020-01-15 19:47:01',2),(12,2,3,'2020-01-15 19:47:02',2),(13,2,4,'2020-01-15 19:47:02',2),(14,2,2,'2020-01-15 19:47:02',2),(15,2,5,'2020-01-15 19:47:02',2),(17,3,1,'2020-02-03 13:12:42',3),(18,3,3,'2020-02-03 13:12:42',3),(19,3,4,'2020-02-03 13:12:42',3),(20,3,2,'2020-02-03 13:12:42',3),(21,3,5,'2020-02-03 13:12:42',3),(30,6,3,'2022-02-05 02:26:38',4),(31,6,5,'2022-02-05 02:26:38',4),(32,6,7,'2022-02-05 02:26:38',4),(36,4,1,'2022-02-15 11:41:33',4),(37,4,2,'2022-02-15 11:41:33',4),(38,4,3,'2022-02-15 11:41:33',4),(39,4,5,'2022-02-15 11:41:33',4),(40,4,6,'2022-02-15 11:41:33',4),(41,4,7,'2022-02-15 11:41:33',4),(42,4,8,'2022-02-15 11:41:33',4),(43,9,3,'2022-02-15 11:41:45',4),(44,9,5,'2022-02-15 11:41:45',4),(45,9,7,'2022-02-15 11:41:45',4),(46,9,8,'2022-02-15 11:41:45',4),(385,9,63,'2024-07-11 13:51:25',4);


