INSERT INTO `s_transaction` VALUES (403083,'T26005242','2026-06-23',3,23,NULL,359500,2,1589326.6199999,'widia',1,'https://financeagro.s3.ap-southeast-3.amazonaws.com/transaction/receipt.403083.jpg','bensin mobil granmax silver rey (23 juni)',9,9,'2026-06-23 15:15:54','2026-06-23 15:15:55'),(403084,'T26005243','2026-06-23',3,23,NULL,306100,2,1283226.6199999,'widia',1,'https://financeagro.s3.ap-southeast-3.amazonaws.com/transaction/receipt.403084.jpg','bensin mobil granmax hitam lama adis (23 juni)',9,9,'2026-06-23 15:16:38','2026-06-23 15:16:39'),(403085,'T26005244','2026-06-23',3,23,NULL,245960,2,1037266.6199999,'widia',1,'https://financeagro.s3.ap-southeast-3.amazonaws.com/transaction/receipt.403085.jpg','bensin mobil traga dani (23 juni)',9,9,'2026-06-23 15:17:25','2026-06-23 15:17:26'),(403086,'T26005245','2026-06-23',8,4,NULL,100000,1,23935293.399994,'widia',1,'https://financeagro.s3.ap-southeast-3.amazonaws.com/transaction/receipt.403086.jpg','pembayaran tk. lutfi plastik-sawangan (23 juni)',9,9,'2026-06-23 15:46:56','2026-06-23 15:46:57'),(403087,'T26005246','2026-06-24',8,4,NULL,950000,1,24885293.399994,'widia',1,'https://financeagro.s3.ap-southeast-3.amazonaws.com/transaction/receipt.403087.jpg','pembayaran tk. kim-cidahu (23 juni)',9,9,'2026-06-24 15:28:36','2026-06-24 15:28:40'),(403088,'T26005247','2026-06-24',8,4,NULL,288000,1,25173293.399994,'widia',1,'https://financeagro.s3.ap-southeast-3.amazonaws.com/transaction/receipt.403088.jpg','pembayaran tk. ibing-pamoyanan (24 juni)',9,9,'2026-06-24 15:29:19','2026-06-24 15:29:19'),(403089,'T26005248','2026-06-24',8,4,NULL,800000,1,25973293.399994,'widia',1,'https://financeagro.s3.ap-southeast-3.amazonaws.com/transaction/receipt.403089.jpg','pembayaran tk. ganda-batu gede (24 juni)',9,9,'2026-06-24 15:29:50','2026-06-24 15:29:51'),(403090,'T26005249','2026-06-24',8,4,NULL,489000,1,26462293.399994,'widia',1,'https://financeagro.s3.ap-southeast-3.amazonaws.com/transaction/receipt.403090.jpg','pembayaran tk. sumber harapan-meruyung limo (24 juni)',9,9,'2026-06-24 15:30:58','2026-06-24 15:30:59'),(403091,'T26005250','2026-06-24',5,4,NULL,99138500,1,100806200,'widia',4,NULL,'penjualan (23 juni)',9,9,'2026-06-24 15:32:36','2026-06-24 15:32:36'),(403092,'T26005251','2026-06-24',5,19,NULL,30000,2,100776200,'widia',1,'https://financeagro.s3.ap-southeast-3.amazonaws.com/transaction/receipt.403092.jpg','parkir mobil dani (23 juni)',9,9,'2026-06-24 15:33:30','2026-06-24 15:33:30'),(403093,'T26005252','2026-06-24',5,35,NULL,50000,2,100726200,'widia',5,NULL,'cashbon dani (23 juni)',9,9,'2026-06-24 15:33:52','2026-06-24 15:33:52'),(403094,'T26005253','2026-06-24',5,35,NULL,30000,2,100696200,'widia',5,NULL,'cashbon adis (23 juni)',9,9,'2026-06-24 15:34:40','2026-06-24 15:34:40'),(403095,'T26005254','2026-06-24',5,19,NULL,18000,2,100678200,'widia',4,NULL,'parkir motor rizal (23 juni)',9,9,'2026-06-24 15:34:54','2026-06-24 15:34:54'),(403096,'T26005255','2026-06-24',5,35,NULL,25000,2,100653200,'widia',5,NULL,'cashbon rizal (23 juni)',9,9,'2026-06-24 15:35:09','2026-06-24 15:35:09'),(403097,'T26005256','2026-06-24',5,23,NULL,11000,2,100642200,'widia',1,'https://financeagro.s3.ap-southeast-3.amazonaws.com/transaction/receipt.403097.jpg','bensin motor rival (23 juni)',9,9,'2026-06-24 15:35:31','2026-06-24 15:35:32'),(403098,'T26005257','2026-06-24',5,35,NULL,30000,2,100612200,'widia',5,NULL,'cashbon rival (23 juni)',9,9,'2026-06-24 15:35:45','2026-06-24 15:35:45'),(403099,'T26005258','2026-06-24',5,19,NULL,15000,2,100597200,'widia',4,NULL,'parkir motor ridwan (23 juni)',9,9,'2026-06-24 15:35:58','2026-06-24 15:35:59'),(403100,'T26005259','2026-06-24',5,23,NULL,20000,2,100577200,'widia',1,'https://financeagro.s3.ap-southeast-3.amazonaws.com/transaction/receipt.403100.jpg','bensin motor ridwan (23 juni)',9,9,'2026-06-24 15:36:18','2026-06-24 15:36:19'),(403101,'T26005260','2026-06-24',5,35,NULL,200000,2,100377200,'widia',5,NULL,'cashbon ardi (23 juni)',9,9,'2026-06-24 15:36:34','2026-06-24 15:36:35'),(403102,'T26005261','2026-06-24',5,35,NULL,5000,2,100372200,'widia',5,NULL,'cashbon rasyid kurang setoran (23 juni)',9,9,'2026-06-24 15:36:53','2026-06-24 15:36:53'),(403103,'T26005262','2026-06-24',5,64,NULL,96654500,2,3717700,'widia',1,'https://financeagro.s3.ap-southeast-3.amazonaws.com/transaction/receipt.403103.jpg','setor tunai (24 juni)',9,9,'2026-06-24 15:38:59','2026-06-24 15:39:00'),(403104,'T26005263','2026-06-24',5,19,NULL,10000,2,3707700,'widia',4,NULL,'parkir mobil recehan dani, rey, adis, rasyid (24 juni)',9,9,'2026-06-24 15:39:26','2026-06-24 15:39:26'),(403105,'T26005264','2026-06-24',5,13,NULL,1030000,2,2677700,'widia',1,'https://financeagro.s3.ap-southeast-3.amazonaws.com/transaction/receipt.403105.jpg','pembelian plastik 1ball (24 juni)',9,9,'2026-06-24 15:40:05','2026-06-24 15:40:06'),(403106,'T26005265','2026-06-24',63,38,NULL,70000000,2,1252296,'widia',4,NULL,'pindah kas (24 juni)',9,9,'2026-06-24 15:45:46','2026-06-24 15:45:46'),(403107,'T26005266','2026-06-24',63,12,NULL,2500,2,1249796,'widia',4,NULL,'adm bank (24 juni)',9,9,'2026-06-24 15:46:00','2026-06-24 15:46:00'),(403108,'T26005267','2026-06-24',63,39,NULL,96654500,1,97904296,'widia',1,'https://financeagro.s3.ap-southeast-3.amazonaws.com/transaction/receipt.403108.jpg','setor tunai (24 juni)',9,9,'2026-06-24 15:46:47','2026-06-24 15:46:47'),(403109,'T26005268','2026-06-24',8,4,NULL,100000,1,26562293.399994,'widia',1,'https://financeagro.s3.ap-southeast-3.amazonaws.com/transaction/receipt.403109.jpg','pembayaran tk. habibi-leweung kolot (24 juni)',9,9,'2026-06-24 16:30:52','2026-06-24 16:30:53'),(403110,'T26005269','2026-06-24',8,4,NULL,2108500,1,28670793.399994,'widia',1,'https://financeagro.s3.ap-southeast-3.amazonaws.com/transaction/receipt.403110.jpg','pembayaran tk. h daus-pengasinan sawangan (24 juni)',9,9,'2026-06-24 16:32:23','2026-06-24 16:32:24'),(403111,'T26005270','2026-06-25',8,4,NULL,616000,1,29286793.399994,'widia',1,'https://financeagro.s3.ap-southeast-3.amazonaws.com/transaction/receipt.403111.jpg','pembayaran tk. asyifa-pancawati (24 juni)',9,9,'2026-06-25 13:41:19','2026-06-25 13:41:20'),(403112,'T26005271','2026-06-25',8,39,NULL,5000000,1,34286793.399994,'widia',4,NULL,'pindah dari kash agroka bumi perkasa (24 juni)',9,9,'2026-06-25 13:41:46','2026-06-25 13:47:05'),(403113,'T26005272','2026-06-25',8,49,NULL,29052039,2,5234754.3999939,'widia',4,NULL,'PO fks pangan nusantara (24 juni)',9,9,'2026-06-25 13:42:26','2026-06-25 13:42:26'),(403114,'T26005273','2026-06-25',8,4,NULL,700000,1,5934754.3999939,'widia',1,'https://financeagro.s3.ap-southeast-3.amazonaws.com/transaction/receipt.403114.jpg','pembayaran tk. antaka 4-grogol (24 juni)',9,9,'2026-06-25 13:43:03','2026-06-25 13:43:04'),(403115,'T26005274','2026-06-25',8,4,NULL,174000,1,6108754.3999939,'widia',1,'https://financeagro.s3.ap-southeast-3.amazonaws.com/transaction/receipt.403115.jpg','pembayaran tk. dharma-cilebut (25 juni)',9,9,'2026-06-25 13:43:43','2026-06-25 13:43:44'),(403116,'T26005275','2026-06-25',8,4,NULL,406500,1,6515254.3999939,'widia',1,'https://financeagro.s3.ap-southeast-3.amazonaws.com/transaction/receipt.403116.jpg','pembayaran tk. hamam-cibanteng proyek (25 juni)',9,9,'2026-06-25 13:44:25','2026-06-25 13:44:25'),(403117,'T26005276','2026-06-25',8,4,NULL,3982500,1,10497754.399994,'widia',1,'https://financeagro.s3.ap-southeast-3.amazonaws.com/transaction/receipt.403117.jpg','pembayaran tk. warna tani 5-cikereteg (25 juni)',9,9,'2026-06-25 13:45:02','2026-06-25 13:45:02'),(403118,'T26005277','2026-06-25',8,4,NULL,539500,1,11037254.399994,'widia',1,'https://financeagro.s3.ap-southeast-3.amazonaws.com/transaction/receipt.403118.jpg','pembayaran tk. sayur mama chelsea-ciderum (25 juni)',9,9,'2026-06-25 13:46:09','2026-06-25 13:46:09'),(403119,'T26005278','2026-06-25',8,4,NULL,925000,1,11962254.399994,'widia',1,'https://financeagro.s3.ap-southeast-3.amazonaws.com/transaction/receipt.403119.jpg','pembayaran tk. cahaya berkah-cilendek (25 juni)',9,9,'2026-06-25 14:17:52','2026-06-25 14:17:52'),(403120,'T26005279','2026-06-25',8,4,NULL,223000,1,12185254.399994,'widia',1,'https://financeagro.s3.ap-southeast-3.amazonaws.com/transaction/receipt.403120.jpg','pembayaran tk. ud bungo tanjung-cimande (25 juni)',9,9,'2026-06-25 14:18:26','2026-06-25 14:18:26'),(403121,'T26005280','2026-06-25',5,23,NULL,49000,2,2628700,'widia',4,NULL,'bensin motor pagi rizal, ridwan, rival (24 juni)',9,9,'2026-06-25 14:19:40','2026-06-25 14:19:40'),(403122,'T26005281','2026-06-25',5,4,NULL,70368000,1,72996700,'widia',4,NULL,'penjualan (24 juni)',9,9,'2026-06-25 14:20:50','2026-06-25 14:20:50'),(403123,'T26005282','2026-06-25',5,19,NULL,5000,2,72991700,'widia',4,NULL,'parkir mobil dani (24 juni)',9,9,'2026-06-25 14:21:26','2026-06-25 14:21:26'),(403124,'T26005283','2026-06-25',5,35,NULL,35000,2,72956700,'widia',5,NULL,'cashbon dani (24 juni)',9,9,'2026-06-25 14:22:02','2026-06-25 14:22:02'),(403125,'T26005284','2026-06-25',5,19,NULL,25000,2,72931700,'widia',4,NULL,'parkir mobil adis (24 juni)',9,9,'2026-06-25 14:22:16','2026-06-25 14:22:17'),(403126,'T26005285','2026-06-25',5,67,NULL,10000,2,72921700,'widia',3,'https://financeagro.s3.ap-southeast-3.amazonaws.com/transaction/receipt.403126.jpg','tambah angin mobil granmax hitam lama adis (24 juni)',9,9,'2026-06-25 14:22:39','2026-06-25 16:25:48'),(403127,'T26005286','2026-06-25',5,35,NULL,14000,2,72907700,'widia',5,NULL,'cashbon adis (24 juni)',9,9,'2026-06-25 14:22:55','2026-06-25 14:22:55'),(403128,'T26005287','2026-06-25',5,19,NULL,5000,2,72902700,'widia',4,NULL,'parkir mobil rey (24 juni)',9,9,'2026-06-25 14:23:08','2026-06-25 14:23:08'),(403129,'T26005288','2026-06-25',5,35,NULL,30000,2,72872700,'widia',5,NULL,'cashbon rey (24 juni)',9,9,'2026-06-25 14:23:22','2026-06-25 14:23:22'),(403130,'T26005289','2026-06-25',5,23,NULL,100000,2,72772700,'widia',1,'https://financeagro.s3.ap-southeast-3.amazonaws.com/transaction/receipt.403130.jpg','bensin mobil granmax hitam baru rasyid (24 juni)',9,9,'2026-06-25 14:24:10','2026-06-25 14:24:11'),(403131,'T26005290','2026-06-25',5,19,NULL,15000,2,72757700,'widia',4,NULL,'parkir mobil rasyid (24 juni)',9,9,'2026-06-25 14:24:25','2026-06-25 14:24:25'),(403132,'T26005291','2026-06-25',5,67,NULL,2000,2,72755700,'widia',3,'https://financeagro.s3.ap-southeast-3.amazonaws.com/transaction/receipt.403132.jpg','tambah angin motor rizal (24 juni)',9,9,'2026-06-25 14:24:40','2026-06-25 16:25:36'),(403133,'T26005292','2026-06-25',5,19,NULL,6000,2,72749700,'widia',4,NULL,'parkir motor rizal (24 juni)',9,9,'2026-06-25 14:24:53','2026-06-25 14:24:54'),(403134,'T26005293','2026-06-25',5,23,NULL,15000,2,72734700,'widia',1,'https://financeagro.s3.ap-southeast-3.amazonaws.com/transaction/receipt.403134.jpg','bensin motor rizal (24 juni)',9,9,'2026-06-25 14:25:16','2026-06-25 14:25:17'),(403135,'T26005294','2026-06-25',5,35,NULL,25000,2,72709700,'widia',5,NULL,'cashbon rizal (24 juni)',9,9,'2026-06-25 14:25:33','2026-06-25 14:25:33'),(403136,'T26005295','2026-06-25',5,19,NULL,6000,2,72703700,'widia',4,NULL,'parkir motor rival (24 juni)',9,9,'2026-06-25 14:26:14','2026-06-25 14:26:15'),(403137,'T26005296','2026-06-25',5,35,NULL,30000,2,72673700,'widia',5,NULL,'cashbon rival (24 juni)',9,9,'2026-06-25 14:26:34','2026-06-25 14:26:34'),(403138,'T26005297','2026-06-25',5,19,NULL,6000,2,72667700,'widia',4,NULL,'parkir motor ridwan (24 juni)',9,9,'2026-06-25 14:28:13','2026-06-25 14:28:13'),(403139,'T26005298','2026-06-25',5,35,NULL,100000,2,72567700,'widia',5,NULL,'cashbon rey kurang setoran (24 juni)',9,9,'2026-06-25 14:28:48','2026-06-25 14:28:48'),(403140,'T26005299','2026-06-25',5,35,NULL,10000,2,72557700,'widia',5,NULL,'cashbon rizal kurang setoran (24 juni)',9,9,'2026-06-25 14:29:09','2026-06-25 14:29:10'),(403141,'T26005300','2026-06-25',5,35,NULL,20000,2,72537700,'widia',5,NULL,'cashon ridwan kurang setoran (24 juni)',9,9,'2026-06-25 14:29:26','2026-06-25 14:29:26'),(403142,'T26005301','2026-06-25',5,64,NULL,69859000,2,2678700,'widia',1,'https://financeagro.s3.ap-southeast-3.amazonaws.com/transaction/receipt.403142.jpg','setor tunai (25 juni)',9,9,'2026-06-25 14:43:30','2026-06-25 14:43:31'),(403143,'T26005302','2026-06-25',5,19,NULL,10000,2,2668700,'widia',4,NULL,'parkir mobil recehan dani, rey, adis, rasyid (25 juni)',9,9,'2026-06-25 14:44:01','2026-06-25 14:44:02'),(403144,'T26005303','2026-06-25',5,23,NULL,21000,2,2647700,'widia',1,'https://financeagro.s3.ap-southeast-3.amazonaws.com/transaction/receipt.403144.jpg','bensin motor rival (25 juni)',9,9,'2026-06-25 14:44:35','2026-06-25 14:44:36'),(403145,'T26005304','2026-06-25',5,29,NULL,63000,2,2584700,'widia',1,'https://financeagro.s3.ap-southeast-3.amazonaws.com/transaction/receipt.403145.jpg','pembelian aqua galon 3 (25 juni)',9,9,'2026-06-25 14:45:06','2026-06-25 14:45:06'),(403146,'T26005305','2026-06-25',5,27,NULL,19500,2,2565200,'widia',1,'https://financeagro.s3.ap-southeast-3.amazonaws.com/transaction/receipt.403146.jpg','pembelian tissue (25 juni)',9,9,'2026-06-25 14:45:40','2026-06-25 14:45:41'),(403147,'T26005306','2026-06-25',8,4,NULL,270000,1,12455254.399994,'widia',1,'https://financeagro.s3.ap-southeast-3.amazonaws.com/transaction/receipt.403147.jpg','pembayaran tk. yunus lubis-leuwisadeng (25 juni)',9,9,'2026-06-25 14:54:28','2026-06-25 14:54:29'),(403149,'T26005307','2026-06-25',6,39,NULL,1000000,1,5513050,'fandi',1,NULL,'tarik tunai (22 mei)',4,4,'2026-06-25 15:02:56','2026-06-25 15:02:56'),(403150,'T26005308','2026-06-25',6,39,NULL,2000000,1,7513050,'fandi',1,NULL,'tarik tunai (26 mei)',4,4,'2026-06-25 15:11:26','2026-06-25 15:11:26'),(403151,'T26005309','2026-06-25',6,6,NULL,1250000,2,6263050,'fandi',1,NULL,'pembayaran gaji probation (26 mei)',4,4,'2026-06-25 15:13:03','2026-06-25 15:13:03'),(403152,'T26005310','2026-06-25',63,38,NULL,50000000,2,47904296,'widia',4,NULL,'pindah kas (24 juni)',9,9,'2026-06-25 15:17:03','2026-06-25 15:17:03'),(403153,'T26005311','2026-06-25',63,12,NULL,2500,2,47901796,'widia',4,NULL,'adm bank (24 juni)',9,9,'2026-06-25 15:17:23','2026-06-25 15:17:23'),(403154,'T26005312','2026-06-25',63,38,NULL,5000000,2,42901796,'widia',4,NULL,'pindah kas (24 juni)',9,9,'2026-06-25 15:17:49','2026-06-25 15:17:49'),(403155,'T26005313','2026-06-25',63,12,NULL,2500,2,42899296,'widia',4,NULL,'adm bank (24 juni)',9,9,'2026-06-25 15:18:01','2026-06-25 15:18:01'),(403156,'T26005314','2026-06-25',63,39,NULL,69859000,1,112758296,'widia',1,'https://financeagro.s3.ap-southeast-3.amazonaws.com/transaction/receipt.403156.jpg','setor tunai (25 juni)',9,9,'2026-06-25 15:18:33','2026-06-25 15:18:33'),(403157,'T26005315','2026-06-25',6,39,NULL,42200000,1,48463050,'fandi',1,NULL,'pindah kas',4,4,'2026-06-25 15:19:49','2026-06-25 15:19:49'),(403158,'T26005316','2026-06-25',3,23,NULL,293700,2,743566.61999995,'widia',1,'https://financeagro.s3.ap-southeast-3.amazonaws.com/transaction/receipt.403158.jpg','bensin mobil granmax hitam baru rasyid (25 juni)',9,9,'2026-06-25 15:21:03','2026-06-25 15:21:03'),(403159,'T26005317','2026-06-25',6,25,NULL,200000,2,48263050,'fandi',1,NULL,'konsumsi tutup buku (30 mei)',4,4,'2026-06-25 15:24:45','2026-06-25 15:24:45'),(403160,'T26005318','2026-06-25',6,25,NULL,750000,2,47513050,'fandi',1,NULL,'pembelian barang, parkir dan kuli bongkar',4,4,'2026-06-25 15:25:44','2026-06-25 15:25:44'),(403161,'T26005319','2026-06-25',6,6,NULL,42200000,2,5313050,'fandi',1,NULL,'payrol akhir bulan ( 30 mei)',4,4,'2026-06-25 15:26:06','2026-06-25 15:26:06'),(403162,'T26005320','2026-06-25',1,12,NULL,17000,2,2442804.1999969,'fandi',1,NULL,'adm bank ( 17 mei)',4,4,'2026-06-25 15:30:17','2026-06-25 15:30:17'),(403163,'T26005321','2026-06-25',8,4,NULL,500000,1,12955254.399994,'widia',1,'https://financeagro.s3.ap-southeast-3.amazonaws.com/transaction/receipt.403163.jpg','pembayaran tk. hj ujang-ciderum caringin (25 juni)',9,9,'2026-06-25 15:37:06','2026-06-25 16:26:20'),(403164,'T26005322','2026-06-25',5,7,NULL,250000,2,2315200,'widia',4,NULL,'ojt sales frenki (25 juni)',9,9,'2026-06-25 16:56:17','2026-06-25 16:56:17'),(403165,'T26005323','2026-06-25',8,4,NULL,215000,1,13170254.399994,'widia',1,'https://financeagro.s3.ap-southeast-3.amazonaws.com/transaction/receipt.403165.jpg','pembayaran tk. widya-ciremai ujung (25 juni)',9,9,'2026-06-25 16:57:39','2026-06-25 16:57:39'),(403166,'T26005324','2026-06-26',5,4,NULL,53527000,1,55842200,'widia',4,NULL,'penjualan (25 juni)',9,9,'2026-06-26 13:41:07','2026-06-26 13:41:07'),(403167,'T26005325','2026-06-26',5,35,NULL,250000,2,55592200,'widia',5,NULL,'cashbon ansor (25 juni)',9,9,'2026-06-26 13:42:15','2026-06-26 13:42:15'),(403168,'T26005326','2026-06-26',5,19,NULL,2000,2,55590200,'widia',4,NULL,'parkir mobil dani (25 juni)',9,9,'2026-06-26 13:42:31','2026-06-26 13:42:32'),(403169,'T26005327','2026-06-26',5,35,NULL,30000,2,55560200,'widia',5,NULL,'cashbon dani (25 juni)',9,9,'2026-06-26 13:42:48','2026-06-26 13:42:48'),(403170,'T26005328','2026-06-26',5,19,NULL,40000,2,55520200,'widia',4,NULL,'parkir mobil adis (25 juni)',9,9,'2026-06-26 13:47:09','2026-06-26 13:47:09'),(403171,'T26005329','2026-06-26',5,67,NULL,10000,2,55510200,'widia',3,'https://financeagro.s3.ap-southeast-3.amazonaws.com/transaction/receipt.403171.jpg','tambah angin mobil grandmax silver rey (25 juni)',9,9,'2026-06-26 13:48:35','2026-06-26 13:48:48'),(403172,'T26005330','2026-06-26',5,19,NULL,30000,2,55480200,'widia',4,NULL,'parkir mobil rey (25 juni)',9,9,'2026-06-26 13:50:48','2026-06-26 13:50:49'),(403173,'T26005331','2026-06-26',5,19,NULL,2000,2,55478200,'widia',4,NULL,'parkir mobil rasyid (25 juni)',9,9,'2026-06-26 13:51:17','2026-06-26 13:51:17'),(403174,'T26005332','2026-06-26',5,19,NULL,12000,2,55466200,'widia',4,NULL,'parkir motor rizal (25 juni)',9,9,'2026-06-26 13:51:37','2026-06-26 13:51:37'),(403175,'T26005333','2026-06-26',5,23,NULL,21000,2,55445200,'widia',1,'https://financeagro.s3.ap-southeast-3.amazonaws.com/transaction/receipt.403175.jpg','bensin motor rizal (25 juni)',9,9,'2026-06-26 13:55:40','2026-06-26 13:55:41'),(403176,'T26005334','2026-06-26',5,35,NULL,25000,2,55420200,'widia',5,NULL,'cashbon rizal (25 juni)',9,9,'2026-06-26 13:57:06','2026-06-26 13:57:06'),(403177,'T26005335','2026-06-26',5,19,NULL,9000,2,55411200,'widia',4,NULL,'parkir motor rival (25 juni)',9,9,'2026-06-26 13:57:40','2026-06-26 13:57:40'),(403178,'T26005336','2026-06-26',5,35,NULL,30000,2,55381200,'widia',5,NULL,'cashbon rival (25 juni)',9,9,'2026-06-26 13:59:16','2026-06-26 13:59:16'),(403179,'T26005337','2026-06-26',5,35,NULL,15000,2,55366200,'widia',5,NULL,'cashbon dani kurang setoran (25 juni)',9,9,'2026-06-26 13:59:37','2026-06-26 13:59:37'),(403180,'T26005338','2026-06-26',5,64,NULL,16105000,2,39261200,'widia',1,'https://financeagro.s3.ap-southeast-3.amazonaws.com/transaction/receipt.403180.jpg','setor tunai (26 juni)',9,9,'2026-06-26 14:07:18','2026-06-26 14:07:18'),(403181,'T26005339','2026-06-26',5,49,NULL,36946000,2,2315200,'widia',1,'https://financeagro.s3.ap-southeast-3.amazonaws.com/transaction/receipt.403181.jpg','pembelian kerupuk (26 juni)',9,9,'2026-06-26 14:08:32','2026-06-26 14:08:33'),(403182,'T26005340','2026-06-26',5,19,NULL,7500,2,2307700,'widia',4,NULL,'parkir mobil recehan dani, adis, rasyid (26 juni)',9,9,'2026-06-26 14:09:31','2026-06-26 14:09:31'),(403183,'T26005341','2026-06-26',5,23,NULL,32000,2,2275700,'widia',1,'https://financeagro.s3.ap-southeast-3.amazonaws.com/transaction/receipt.403183.jpg','bensin motor pagi rizal, rival (26 juni)',9,9,'2026-06-26 14:10:35','2026-06-26 14:10:36'),(403184,'T26005342','2026-06-26',5,7,NULL,60000,2,2215700,'widia',4,NULL,'upah pegawai harian (26 juni)',9,9,'2026-06-26 14:19:37','2026-06-26 14:19:37'),(403185,'T26005343','2026-06-26',5,27,NULL,20000,2,2195700,'widia',1,'https://financeagro.s3.ap-southeast-3.amazonaws.com/transaction/receipt.403185.jpg','pembelian super sol&mama lemon (26 juni)',9,9,'2026-06-26 14:20:21','2026-06-26 14:20:21'),(403186,'T26005344','2026-06-26',5,65,NULL,100000,2,2095700,'widia',1,'https://financeagro.s3.ap-southeast-3.amazonaws.com/transaction/receipt.403186.jpg','upah bongkar kerupuk (26 juni)',9,9,'2026-06-26 14:21:41','2026-06-26 14:21:41'),(403187,'T26005345','2026-06-26',5,29,NULL,17000,2,2078700,'widia',4,NULL,'minum kuli bongkar kerupuk (26 juni)',9,9,'2026-06-26 14:22:02','2026-06-26 14:22:02'),(403188,'T26005346','2026-06-26',63,38,NULL,110000000,2,2758296,'widia',4,NULL,'pindah kas (25 juni)',9,9,'2026-06-26 14:33:29','2026-06-26 14:33:29'),(403189,'T26005347','2026-06-26',63,12,NULL,2500,2,2755796,'widia',4,NULL,'adm bank (25 juni)',9,9,'2026-06-26 14:33:50','2026-06-26 14:33:50'),(403190,'T26005348','2026-06-26',63,39,NULL,16105000,1,18860796,'widia',1,'https://financeagro.s3.ap-southeast-3.amazonaws.com/transaction/receipt.403190.jpg','setor tunai (26 juni)',9,9,'2026-06-26 14:34:21','2026-06-26 14:34:21'),(403191,'T26005349','2026-06-26',8,39,NULL,35000000,1,48170254.399994,'widia',4,NULL,'pindah dari kas agroka bumi perkasa (25 juni)',9,9,'2026-06-26 14:37:39','2026-06-26 14:42:17'),(403192,'T26005350','2026-06-26',8,49,NULL,9760000,2,38410254.399994,'widia',4,NULL,'PO rosebrand (25 juni)',9,9,'2026-06-26 14:38:05','2026-06-26 14:38:05'),(403193,'T26005351','2026-06-26',8,49,NULL,32000000,2,6410254.3999939,'widia',4,NULL,'PO rosebrand (25 juni)',9,9,'2026-06-26 14:38:29','2026-06-26 14:38:29'),(403194,'T26005352','2026-06-26',8,49,NULL,4880000,2,1530254.3999939,'widia',4,NULL,'PO rosebrand (25 juni)',9,9,'2026-06-26 14:38:48','2026-06-26 14:38:48'),(403195,'T26005353','2026-06-26',8,4,NULL,2250000,1,3780254.3999939,'widia',1,'https://financeagro.s3.ap-southeast-3.amazonaws.com/transaction/receipt.403195.jpg','pembayaran tk. antaka 4-grogol (25 juni)',9,9,'2026-06-26 14:39:49','2026-06-26 14:39:49'),(403196,'T26005354','2026-06-26',8,4,NULL,334000,1,4114254.3999939,'widia',1,'https://financeagro.s3.ap-southeast-3.amazonaws.com/transaction/receipt.403196.jpg','pembayaran tk. hj nasution-moyan (26 juni)',9,9,'2026-06-26 14:40:34','2026-06-26 14:40:34'),(403197,'T26005355','2026-06-26',8,4,NULL,72000,1,4186254.3999939,'widia',1,'https://financeagro.s3.ap-southeast-3.amazonaws.com/transaction/receipt.403197.jpg','pembayaran tk. widya-ciremai ujung (26 juni)',9,9,'2026-06-26 14:41:10','2026-06-26 14:41:11'),(403198,'T26005356','2026-06-26',8,4,NULL,1332500,1,5518754.3999939,'widia',1,'https://financeagro.s3.ap-southeast-3.amazonaws.com/transaction/receipt.403198.jpg','pembayaran tk. elan-ps cipanas (26 juni)',9,9,'2026-06-26 14:41:43','2026-06-26 14:41:43'),(403199,'T26005357','2026-06-26',8,4,NULL,241000,1,5759754.3999939,'widia',1,'https://financeagro.s3.ap-southeast-3.amazonaws.com/transaction/receipt.403199.jpg','pembayaran tk. raza plastik-pomad (26 juni)',9,9,'2026-06-26 15:41:25','2026-06-26 15:41:25'),(403200,'T26005358','2026-06-27',5,4,NULL,43581000,1,45659700,'widia',4,NULL,'penjualan (26 juni)',9,9,'2026-06-27 11:19:10','2026-06-27 11:19:11'),(403201,'T26005359','2026-06-27',5,19,NULL,2000,2,45657700,'widia',4,NULL,'parkir mobil dani (26 juni)',9,9,'2026-06-27 11:19:46','2026-06-27 11:19:47'),(403202,'T26005360','2026-06-27',5,35,NULL,30000,2,45627700,'widia',5,NULL,'cashbon dani (26 juni)',9,9,'2026-06-27 11:20:10','2026-06-27 11:20:10'),(403203,'T26005361','2026-06-27',5,19,NULL,10000,2,45617700,'widia',4,NULL,'parkir mobil adis (26 juni)',9,9,'2026-06-27 11:20:27','2026-06-27 11:20:27'),(403204,'T26005362','2026-06-27',5,19,NULL,3000,2,45614700,'widia',4,NULL,'parkir motor rizal (26 juni)',9,9,'2026-06-27 11:20:52','2026-06-27 11:20:52'),(403205,'T26005363','2026-06-27',5,35,NULL,5000,2,45609700,'widia',5,NULL,'cashbon rizal (26 juni)',9,9,'2026-06-27 11:21:06','2026-06-27 11:21:07'),(403206,'T26005364','2026-06-27',5,35,NULL,30000,2,45579700,'widia',5,NULL,'cashbon rival (26 juni)',9,9,'2026-06-27 11:21:22','2026-06-27 11:21:22'),(403207,'T26005365','2026-06-27',5,23,NULL,11000,2,45568700,'widia',1,'https://financeagro.s3.ap-southeast-3.amazonaws.com/transaction/receipt.403207.jpg','bensin motor rival (26 juni)',9,9,'2026-06-27 11:22:19','2026-06-27 11:22:21'),(403208,'T26005366','2026-06-27',5,35,NULL,200000,2,45368700,'widia',5,NULL,'cashbon rival (26 juni)',9,9,'2026-06-27 11:22:57','2026-06-27 11:22:57'),(403209,'T26005367','2026-06-27',5,35,NULL,130000,2,45238700,'widia',5,NULL,'cashbon rizal (26 juni)',9,9,'2026-06-27 11:23:10','2026-06-27 11:23:11'),(403210,'T26005368','2026-06-27',5,19,NULL,5000,2,45233700,'widia',4,NULL,'parkir mobil recehan rey,adis (27 juni)',9,9,'2026-06-27 11:24:41','2026-06-27 11:24:41'),(403211,'T26005369','2026-06-27',3,23,NULL,350000,2,393566.61999995,'widia',1,'https://financeagro.s3.ap-southeast-3.amazonaws.com/transaction/receipt.403211.jpg','bensin mobil granmax hitam lama adis (27 juni)',9,9,'2026-06-27 11:34:18','2026-06-27 11:34:53'),(403212,'T26005370','2026-06-27',3,39,NULL,3000000,1,3393566.6199999,'widia',4,NULL,'pindah dari kas management (27 juni)',9,9,'2026-06-27 11:35:50','2026-06-27 11:35:50'),(403213,'T26005371','2026-06-27',3,23,NULL,350000,2,3043566.6199999,'widia',1,'https://financeagro.s3.ap-southeast-3.amazonaws.com/transaction/receipt.403213.jpg','bensin mobil granmax silver dani (27 juni)',9,9,'2026-06-27 11:37:24','2026-06-27 11:37:24'),(403214,'T26005372','2026-06-27',8,4,NULL,420000,1,6179754.3999939,'widia',1,'https://financeagro.s3.ap-southeast-3.amazonaws.com/transaction/receipt.403214.jpg','pembayaran tk. ganda-batu gede (26 juni)',9,9,'2026-06-27 11:40:08','2026-06-27 11:40:08'),(403215,'T26005373','2026-06-27',8,4,NULL,500000,1,6679754.3999939,'widia',1,'https://financeagro.s3.ap-southeast-3.amazonaws.com/transaction/receipt.403215.jpg','pembayaran tk. h sulaiman-cimahpar (26 juni)',9,9,'2026-06-27 11:40:42','2026-06-27 11:40:43'),(403216,'T26005374','2026-06-27',8,4,NULL,290000,1,6969754.3999939,'widia',1,'https://financeagro.s3.ap-southeast-3.amazonaws.com/transaction/receipt.403216.jpg','pembayaran tk. ko andi-mulyaharja ciapus (27 juni)',9,9,'2026-06-27 11:41:19','2026-06-27 11:41:19'),(403217,'T26005375','2026-06-27',8,4,NULL,530000,1,7499754.3999939,'widia',1,'https://financeagro.s3.ap-southeast-3.amazonaws.com/transaction/receipt.403217.jpg','pembayaran tk. simancip-karadenan (27 juni)',9,9,'2026-06-27 11:45:06','2026-06-27 11:45:06'),(403218,'T26005376','2026-06-27',8,4,NULL,1667500,1,9167254.3999939,'widia',1,'https://financeagro.s3.ap-southeast-3.amazonaws.com/transaction/receipt.403218.jpg','pembayaran tk. tanjung-villa ciomas (27 juni)',9,9,'2026-06-27 11:49:29','2026-06-27 11:49:29'),(403219,'T26005377','2026-06-27',8,4,NULL,180000,1,9347254.3999939,'widia',1,'https://financeagro.s3.ap-southeast-3.amazonaws.com/transaction/receipt.403219.jpg','pembayaran tk. trio-cibinong (27 juni)',9,9,'2026-06-27 12:07:33','2026-06-27 12:07:33'),(403220,'T26005378','2026-06-27',5,23,NULL,55000,2,45178700,'widia',1,'https://financeagro.s3.ap-southeast-3.amazonaws.com/transaction/receipt.403220.jpg','bensin motor pagi rizal, rival, rasyid (27 juni)',9,9,'2026-06-27 12:25:37','2026-06-27 12:25:38'),(403221,'T26005379','2026-06-27',5,29,NULL,24000,2,45154700,'widia',1,'https://financeagro.s3.ap-southeast-3.amazonaws.com/transaction/receipt.403221.jpg','minum kuli bongkar muat barang (27 juni)',9,9,'2026-06-27 12:26:22','2026-06-27 12:26:22'),(403222,'T26005380','2026-06-29',8,4,NULL,300000,1,9647254.3999939,'widia',1,'https://financeagro.s3.ap-southeast-3.amazonaws.com/transaction/receipt.403222.jpg','pembayaran tk. hj ayub-rancamaya (27 juni)',9,9,'2026-06-29 13:18:44','2026-06-29 13:18:46'),(403223,'T26005381','2026-06-29',8,4,NULL,182000,1,9829254.3999939,'widia',1,'https://financeagro.s3.ap-southeast-3.amazonaws.com/transaction/receipt.403223.jpg','pembayaran tk. bude ana-ps tamansari (27 juni)',9,9,'2026-06-29 13:19:37','2026-06-29 13:19:37'),(403224,'T26005382','2026-06-29',8,4,NULL,635000,1,10464254.399994,'widia',1,'https://financeagro.s3.ap-southeast-3.amazonaws.com/transaction/receipt.403224.jpg','pembayaran tk. anisa-ps gsp (27 juni)',9,9,'2026-06-29 13:20:14','2026-06-29 13:20:15'),(403225,'T26005383','2026-06-29',8,4,NULL,200000,1,10664254.399994,'widia',1,'https://financeagro.s3.ap-southeast-3.amazonaws.com/transaction/receipt.403225.jpg','pembayaran tk. arman-cimulang (27 juni)',9,9,'2026-06-29 13:21:05','2026-06-29 13:21:05'),(403226,'T26005384','2026-06-29',8,4,NULL,2772500,1,13436754.399994,'widia',1,'https://financeagro.s3.ap-southeast-3.amazonaws.com/transaction/receipt.403226.jpg','pembayaran tk. home industri proyek listinawati-ciganjur (29 juni)',9,9,'2026-06-29 13:22:12','2026-06-29 13:22:12'),(403227,'T26005385','2026-06-29',8,4,NULL,1290000,1,14726754.399994,'widia',1,'https://financeagro.s3.ap-southeast-3.amazonaws.com/transaction/receipt.403227.jpg','pembayaran tk. arga-ciseeng (29 juni)',9,9,'2026-06-29 13:22:44','2026-06-29 13:22:45'),(403228,'T26005386','2026-06-29',8,4,NULL,420000,1,15146754.399994,'widia',1,'https://financeagro.s3.ap-southeast-3.amazonaws.com/transaction/receipt.403228.jpg','pembayaran tk. sayur salsa-cilodong (29 juni)',9,9,'2026-06-29 13:23:14','2026-06-29 13:23:15'),(403229,'T26005387','2026-06-29',8,4,NULL,2125000,1,17271754.399994,'widia',1,'https://financeagro.s3.ap-southeast-3.amazonaws.com/transaction/receipt.403229.jpg','pembayaran tk. yunika-ps cisarua (29 juni)',9,9,'2026-06-29 13:38:01','2026-06-29 13:38:01'),(403230,'T26005388','2026-06-29',3,23,NULL,210120,2,2833446.6199999,'widia',1,'https://financeagro.s3.ap-southeast-3.amazonaws.com/transaction/receipt.403230.jpg','bensin mobil traga dani (29 juni)',9,9,'2026-06-29 13:42:09','2026-06-29 13:42:09'),(403231,'T26005389','2026-06-29',5,65,NULL,270000,2,44884700,'widia',1,'https://financeagro.s3.ap-southeast-3.amazonaws.com/transaction/receipt.403231.jpg','upah bongkar muat birma, kc tanah 124bal emping 110 dus (27 juni)',9,9,'2026-06-29 14:24:30','2026-06-29 14:24:32'),(403232,'T26005390','2026-06-29',5,4,NULL,34703500,1,79588200,'widia',4,NULL,'penjualan (27 juni)',9,9,'2026-06-29 14:25:40','2026-06-29 14:25:41'),(403233,'T26005391','2026-06-29',5,35,NULL,100000,2,79488200,'widia',5,NULL,'cashbon supri (27 juni)',9,9,'2026-06-29 14:26:40','2026-06-29 14:26:41'),(403234,'T26005392','2026-06-29',5,19,NULL,10000,2,79478200,'widia',4,NULL,'parkir mobil adis (27 juni)',9,9,'2026-06-29 14:27:01','2026-06-29 14:27:01'),(403235,'T26005393','2026-06-29',5,19,NULL,5000,2,79473200,'widia',4,NULL,'parkir mobil rey (27 juni)',9,9,'2026-06-29 14:27:16','2026-06-29 14:27:17'),(403236,'T26005394','2026-06-29',5,35,NULL,30000,2,79443200,'widia',5,NULL,'cashbon dani (27 juni)',9,9,'2026-06-29 14:27:34','2026-06-29 14:27:34'),(403237,'T26005395','2026-06-29',5,35,NULL,28000,2,79415200,'widia',5,NULL,'cashbon rey (27 juni)',9,9,'2026-06-29 14:27:47','2026-06-29 14:27:47'),(403238,'T26005396','2026-06-29',5,19,NULL,3000,2,79412200,'widia',4,NULL,'parkir motor rasyid (27 juni)',9,9,'2026-06-29 14:28:02','2026-06-29 14:28:02'),(403239,'T26005397','2026-06-29',5,35,NULL,150000,2,79262200,'widia',5,NULL,'cashbon rasyid (27 juni)',9,9,'2026-06-29 14:28:20','2026-06-29 14:28:20'),(403240,'T26005398','2026-06-29',5,19,NULL,6000,2,79256200,'widia',4,NULL,'parkir motor rizal (27 juni)',9,9,'2026-06-29 14:28:37','2026-06-29 14:28:37'),(403241,'T26005399','2026-06-29',5,67,NULL,170000,2,79086200,'widia',1,'https://financeagro.s3.ap-southeast-3.amazonaws.com/transaction/receipt.403241.jpg','ganti shock depan, sil, minyak dan sil tutup klep motor rizal (27 juni)',9,9,'2026-06-29 14:29:56','2026-06-29 14:29:57'),(403242,'T26005400','2026-06-29',5,19,NULL,9000,2,79077200,'widia',4,NULL,'parkir motor rival (27 juni)',9,9,'2026-06-29 14:31:09','2026-06-29 14:31:09'),(403243,'T26005401','2026-06-29',5,35,NULL,30000,2,79047200,'widia',5,NULL,'cashbon rival (27 juni)',9,9,'2026-06-29 14:31:30','2026-06-29 14:31:30'),(403244,'T26005402','2026-06-29',5,35,NULL,100000,2,78947200,'widia',5,NULL,'cashbon ubay (27 juni)',9,9,'2026-06-29 14:31:47','2026-06-29 14:31:47'),(403245,'T26005403','2026-06-29',5,64,NULL,77222500,2,1724700,'widia',1,'https://financeagro.s3.ap-southeast-3.amazonaws.com/transaction/receipt.403245.jpg','setor tunai (29 juni)',9,9,'2026-06-29 14:33:39','2026-06-29 14:33:40'),(403246,'T26005404','2026-06-29',5,19,NULL,7500,2,1717200,'widia',4,NULL,'parkir mobil recehan dani, rey, rasyid (29 juni)',9,9,'2026-06-29 14:34:11','2026-06-29 14:34:11'),(403247,'T26005405','2026-06-29',5,23,NULL,63000,2,1654200,'widia',1,'https://financeagro.s3.ap-southeast-3.amazonaws.com/transaction/receipt.403247.jpg','bensin motor pagi rizal, rival, ridwan (29 juni)',9,9,'2026-06-29 14:34:49','2026-06-29 14:35:18'),(403248,'T26005406','2026-06-29',5,65,NULL,100000,2,1554200,'widia',1,'https://financeagro.s3.ap-southeast-3.amazonaws.com/transaction/receipt.403248.jpg','upah bongkar bihun tanam (29 juni)',9,9,'2026-06-29 15:31:29','2026-06-29 15:31:29'),(403249,'T26005407','2026-06-29',5,29,NULL,12000,2,1542200,'widia',4,NULL,'minum kuli bongkar bihun tanam jagung (29 juni)',9,9,'2026-06-29 15:33:08','2026-06-29 15:33:08'),(403250,'T26005408','2026-06-29',8,4,NULL,138000,1,17409754.399994,'widia',1,'https://financeagro.s3.ap-southeast-3.amazonaws.com/transaction/receipt.403250.jpg','pembayaran tk. hj ayub-rancamaya (29 juni)',9,9,'2026-06-29 16:09:39','2026-06-29 16:09:39'),(403251,'T26005409','2026-06-30',5,4,NULL,83138000,1,84680200,'widia',4,NULL,'penjualan (29 juni)',9,9,'2026-06-30 14:24:59','2026-06-30 14:25:00'),(403254,'T26005410','2026-06-30',5,19,NULL,40000,2,84640200,'widia',4,NULL,'parkir mobil dani (29 juni)',9,9,'2026-06-30 14:26:17','2026-06-30 14:26:17'),(403255,'T26005411','2026-06-30',5,35,NULL,18000,2,84622200,'widia',5,NULL,'cashbon dani (29 juni)',9,9,'2026-06-30 14:26:33','2026-06-30 14:26:33'),(403256,'T26005412','2026-06-30',5,19,NULL,20000,2,84602200,'widia',4,NULL,'parkir mobil rey (29 juni)',9,9,'2026-06-30 14:26:47','2026-06-30 14:26:48'),(403257,'T26005413','2026-06-30',5,35,NULL,25000,2,84577200,'widia',5,NULL,'cashbon rey (29 juni)',9,9,'2026-06-30 14:27:06','2026-06-30 14:27:06'),(403258,'T26005414','2026-06-30',5,23,NULL,150000,2,84427200,'widia',1,'https://financeagro.s3.ap-southeast-3.amazonaws.com/transaction/receipt.403258.jpg','bensin mobil granmax hitam baru rasyid (29 juni)',9,9,'2026-06-30 14:27:56','2026-06-30 14:27:58'),(403259,'T26005415','2026-06-30',5,19,NULL,3000,2,84424200,'widia',4,NULL,'parkir motor rizal (29 juni)',9,9,'2026-06-30 14:28:14','2026-06-30 14:28:14'),(403260,'T26005416','2026-06-30',5,23,NULL,15000,2,84409200,'widia',1,'https://financeagro.s3.ap-southeast-3.amazonaws.com/transaction/receipt.403260.jpg','bensin motor rizal (29 juni)',9,9,'2026-06-30 14:28:45','2026-06-30 14:28:45'),(403261,'T26005417','2026-06-30',5,35,NULL,30000,2,84379200,'widia',5,NULL,'cashbon rival (29 juni)',9,9,'2026-06-30 14:29:08','2026-06-30 14:29:08'),(403262,'T26005418','2026-06-30',5,19,NULL,3000,2,84376200,'widia',4,NULL,'parkir motor rival (29 juni)',9,9,'2026-06-30 14:29:52','2026-06-30 14:29:52'),(403263,'T26005419','2026-06-30',5,23,NULL,11000,2,84365200,'widia',1,'https://financeagro.s3.ap-southeast-3.amazonaws.com/transaction/receipt.403263.jpg','bensin motor rival (29 juni)',9,9,'2026-06-30 14:30:22','2026-06-30 14:30:22'),(403264,'T26005420','2026-06-30',5,19,NULL,6000,2,84359200,'widia',4,NULL,'parkir motor ridwan (29 juni)',9,9,'2026-06-30 14:30:40','2026-06-30 14:30:40'),(403265,'T26005421','2026-06-30',5,29,NULL,42000,2,84317200,'widia',1,'https://financeagro.s3.ap-southeast-3.amazonaws.com/transaction/receipt.403265.jpg','pembelian aqua galon 2 (29 juni)',9,9,'2026-06-30 14:31:18','2026-06-30 14:31:19'),(403266,'T26005422','2026-06-30',5,66,NULL,60000,2,84257200,'widia',4,NULL,'lembur dani&ojt (29 juni)',9,9,'2026-06-30 14:31:42','2026-06-30 14:31:42'),(403267,'T26005423','2026-06-30',5,66,NULL,100000,2,84157200,'widia',4,NULL,'lembur pa lukman (29 juni)',9,9,'2026-06-30 14:32:13','2026-06-30 14:32:13'),(403268,'T26005424','2026-06-30',5,35,NULL,8000,2,84149200,'widia',5,NULL,'cashbon dani kurang setoran (29 juni)',9,9,'2026-06-30 14:32:31','2026-06-30 14:32:31'),(403269,'T26005425','2026-06-30',5,35,NULL,50000,2,84099200,'widia',5,NULL,'cashbon rasyid kurang setoran (29 juni)',9,9,'2026-06-30 14:32:50','2026-06-30 14:32:50'),(403270,'T26005426','2026-06-30',5,64,NULL,82257000,2,1842200,'widia',1,'https://financeagro.s3.ap-southeast-3.amazonaws.com/transaction/receipt.403270.jpg','setor tunai (30 juni)',9,9,'2026-06-30 14:38:06','2026-06-30 14:38:06'),(403271,'T26005427','2026-06-30',5,19,NULL,10000,2,1832200,'widia',4,NULL,'parkir mobil dani, rizal, rey, rasyid (30 juni)',9,9,'2026-06-30 14:38:46','2026-06-30 14:38:47'),(403272,'T26005428','2026-06-30',5,23,NULL,38000,2,1794200,'widia',1,'https://financeagro.s3.ap-southeast-3.amazonaws.com/transaction/receipt.403272.jpg','bensin motor rival, ridwan (30 juni)',9,9,'2026-06-30 14:39:35','2026-06-30 14:39:36'),(403273,'T26005429','2026-06-30',5,7,NULL,60000,2,1734200,'widia',4,NULL,'upah pegawai harian (30 juni)',9,9,'2026-06-30 14:40:49','2026-06-30 14:40:50'),(403274,'T26005430','2026-06-30',5,65,NULL,15000,2,1719200,'widia',1,'https://financeagro.s3.ap-southeast-3.amazonaws.com/transaction/receipt.403274.jpg','upah bongkar aida (30 juni)',9,9,'2026-06-30 14:42:26','2026-06-30 14:42:26'),(403275,'T26005431','2026-06-30',5,25,NULL,150000,2,1569200,'widia',1,'https://financeagro.s3.ap-southeast-3.amazonaws.com/transaction/receipt.403275.jpg','perbaikan pagar (30 juni)',9,9,'2026-06-30 14:45:50','2026-06-30 14:45:50'),(403277,'T26005432','2026-06-30',5,39,NULL,94000,1,1663200,'widia',1,'https://financeagro.s3.ap-southeast-3.amazonaws.com/transaction/receipt.403277.jpg','pindah dari kas bca umum kembalian bensin mobil rasyid (30 juni)',9,9,'2026-06-30 14:49:37','2026-06-30 14:49:38'),(403278,'T26005433','2026-06-30',63,38,NULL,10000000,2,8860796,'widia',4,NULL,'pindah kas (27 juni)',9,9,'2026-06-30 14:54:46','2026-06-30 14:54:46'),(403279,'T26005434','2026-06-30',63,12,NULL,2500,2,8858296,'widia',4,NULL,'adm bank (27 juni)',9,9,'2026-06-30 14:55:03','2026-06-30 14:55:03'),(403280,'T26005435','2026-06-30',63,39,NULL,77222500,1,86080796,'widia',1,'https://financeagro.s3.ap-southeast-3.amazonaws.com/transaction/receipt.403280.jpg','setor tunai (29 juni)',9,9,'2026-06-30 14:55:48','2026-06-30 14:55:48'),(403281,'T26005436','2026-06-30',63,38,NULL,50000000,2,36080796,'widia',4,NULL,'pindah kas (29 juni)',9,9,'2026-06-30 14:56:19','2026-06-30 14:56:19'),(403282,'T26005437','2026-06-30',63,12,NULL,2500,2,36078296,'widia',4,NULL,'adm bank (29 juni)',9,9,'2026-06-30 14:56:44','2026-06-30 14:56:44'),(403283,'T26005438','2026-06-30',63,39,NULL,82257000,1,118335296,'widia',1,'https://financeagro.s3.ap-southeast-3.amazonaws.com/transaction/receipt.403283.jpg','setor tunai (30 juni)',9,9,'2026-06-30 14:57:38','2026-06-30 14:57:38'),(403284,'T26005439','2026-06-30',3,23,NULL,350000,2,2483446.6199999,'widia',1,'https://financeagro.s3.ap-southeast-3.amazonaws.com/transaction/receipt.403284.jpg','bensin mobil granmax hitam baru rasyid 256rb, 94rb pindah ke kas kecil (30 juni)',9,9,'2026-06-30 15:00:23','2026-06-30 15:00:23'),(403285,'T26005440','2026-06-30',8,4,NULL,500000,1,17909754.399994,'widia',1,'https://financeagro.s3.ap-southeast-3.amazonaws.com/transaction/receipt.403285.jpg','pembayaran tk. hijau-pasir muncang (30 juni)',9,9,'2026-06-30 15:04:09','2026-06-30 15:04:09'),(403286,'T26005441','2026-06-30',8,4,NULL,404500,1,18314254.399994,'widia',1,'https://financeagro.s3.ap-southeast-3.amazonaws.com/transaction/receipt.403286.jpg','pembayaran tk. mekar jaya-ps ciawi (30 juni)',9,9,'2026-06-30 15:04:39','2026-06-30 15:04:39'),(403287,'T26005442','2026-06-30',8,4,NULL,1214500,1,19528754.399994,'widia',1,'https://financeagro.s3.ap-southeast-3.amazonaws.com/transaction/receipt.403287.jpg','pembayaran tk. rini-cimande (30 juni)',9,9,'2026-06-30 15:05:08','2026-06-30 15:05:08'),(403288,'T26005443','2026-06-30',8,4,NULL,100000,1,19628754.399994,'widia',1,'https://financeagro.s3.ap-southeast-3.amazonaws.com/transaction/receipt.403288.jpg','pembayaran tk. sifa-cipayung ratu jaya (30 juni)',9,9,'2026-06-30 15:05:46','2026-06-30 15:05:46'),(403289,'T26005444','2026-06-30',8,4,NULL,889500,1,20518254.399994,'widia',1,'https://financeagro.s3.ap-southeast-3.amazonaws.com/transaction/receipt.403289.jpg','pembayaran tk. sayur mas mumuh-kadu gede cilember cisarua (30 juni)',9,9,'2026-06-30 16:48:16','2026-06-30 16:48:17'),(403290,'T26005445','2026-06-30',3,23,NULL,193600,2,2289846.6199999,'widia',1,'https://financeagro.s3.ap-southeast-3.amazonaws.com/transaction/receipt.403290.jpg','bensin mobil granmax silver rey (30 juni)',9,9,'2026-06-30 19:31:54','2026-06-30 19:31:55'),(403291,'T26005446','2026-06-30',3,23,NULL,106600,2,2183246.6199999,'widia',1,'https://financeagro.s3.ap-southeast-3.amazonaws.com/transaction/receipt.403291.jpg','bensin mobil granmax hitam baru rasyid (30 juni)',9,9,'2026-06-30 19:32:38','2026-06-30 19:32:38'),(403292,'T26005447','2026-06-30',3,23,NULL,166900,2,2016346.6199999,'widia',1,'https://financeagro.s3.ap-southeast-3.amazonaws.com/transaction/receipt.403292.jpg','bensin mobil granmax hitam lanma rizal (30 juni)',9,9,'2026-06-30 19:33:50','2026-06-30 19:33:51'),(403293,'T26005448','2026-06-30',5,29,NULL,500000,2,1163200,'widia',4,NULL,'konsumsi closing (30 juni)',9,9,'2026-06-30 20:04:51','2026-06-30 20:04:51'),(403294,'T26005449','2026-06-30',5,4,NULL,80063500,1,81226700,'widia',4,NULL,'penjualan (30 juni)',9,9,'2026-06-30 20:05:27','2026-06-30 20:05:27'),(403295,'T26005450','2026-06-30',5,19,NULL,15000,2,81211700,'widia',4,NULL,'parkir mobil rey (30 juni)',9,9,'2026-06-30 20:06:06','2026-06-30 20:06:06'),(403296,'T26005451','2026-06-30',5,19,NULL,15000,2,81196700,'widia',4,NULL,'parkir mobil rasyid (30 juni)',9,9,'2026-06-30 20:06:24','2026-06-30 20:06:24'),(403297,'T26005452','2026-06-30',5,19,NULL,5000,2,81191700,'widia',4,NULL,'parkir mobil rizal (30 juni)',9,9,'2026-06-30 20:08:10','2026-06-30 20:08:10'),(403298,'T26005453','2026-06-30',5,35,NULL,5000,2,81186700,'widia',5,NULL,'cashbon rizal (30 juni)',9,9,'2026-06-30 20:08:26','2026-06-30 20:08:27'),(403299,'T26005454','2026-06-30',5,19,NULL,12000,2,81174700,'widia',4,NULL,'parkir motor rival (30 juni)',9,9,'2026-06-30 20:08:41','2026-06-30 20:08:41'),(403300,'T26005455','2026-06-30',5,35,NULL,30000,2,81144700,'widia',5,NULL,'cashbon rival (30 juni)',9,9,'2026-06-30 20:08:55','2026-06-30 20:08:55'),(403301,'T26005456','2026-06-30',5,19,NULL,12000,2,81132700,'widia',4,NULL,'parkir motor ridwan (30 juni)',9,9,'2026-06-30 20:09:11','2026-06-30 20:09:11'),(403302,'T26005457','2026-06-30',5,19,NULL,32000,2,81100700,'widia',2,'https://financeagro.s3.ap-southeast-3.amazonaws.com/transaction/receipt.403302.jpg','parkir mobil dani (30 juni)',9,9,'2026-06-30 20:09:49','2026-06-30 20:09:50'),(403303,'T26005458','2026-06-30',3,23,NULL,150000,2,1866346.6199999,'widia',1,'https://financeagro.s3.ap-southeast-3.amazonaws.com/transaction/receipt.403303.jpg','bensin mobil traga dani (30 juni)',9,9,'2026-06-30 20:17:09','2026-06-30 20:17:09'),(403304,'T26005459','2026-06-30',8,4,NULL,793000,1,21311254.399994,'widia',1,'https://financeagro.s3.ap-southeast-3.amazonaws.com/transaction/receipt.403304.jpg','pembayaran tk. rama jaya plastik-limo (30 juni)',9,9,'2026-06-30 20:19:50','2026-06-30 20:19:50'),(403305,'T26005460','2026-07-01',5,63,NULL,36200000,2,44900700,'widia',4,NULL,'pindah ke kas management closingan (30 juni)',9,9,'2026-07-01 14:05:02','2026-07-01 14:05:03'),(403306,'T26005461','2026-07-01',5,64,NULL,41737500,2,3163200,'widia',1,'https://financeagro.s3.ap-southeast-3.amazonaws.com/transaction/receipt.403306.jpg','setor tunai (01 juli)',9,9,'2026-07-01 14:06:56','2026-07-01 14:06:58'),(403307,'T26005462','2026-07-01',5,19,NULL,10000,2,3153200,'widia',4,NULL,'parkir mobil recehan rizal, rasyid, adis, rey (01 juli)',9,9,'2026-07-01 14:07:46','2026-07-01 14:51:07'),(403308,'T26005463','2026-07-01',5,13,NULL,218000,2,2935200,'widia',1,'https://financeagro.s3.ap-southeast-3.amazonaws.com/transaction/receipt.403308.jpg','pembelian plastik 5kg (01 juli)',9,9,'2026-07-01 14:50:05','2026-07-01 14:50:06'),(403309,'T26005464','2026-07-01',5,23,NULL,63000,2,2872200,'widia',1,'https://financeagro.s3.ap-southeast-3.amazonaws.com/transaction/receipt.403309.jpg','bensin motor pagi rival, ridwan, ojt (01 juli)',9,9,'2026-07-01 15:51:09','2026-07-01 15:51:10'),(403310,'T26005465','2026-07-01',5,65,NULL,550000,2,2322200,'widia',1,'https://financeagro.s3.ap-southeast-3.amazonaws.com/transaction/receipt.403310.jpg','upah bongkar gudang (01 juli)',9,9,'2026-07-01 15:52:10','2026-07-01 15:52:11'),(403311,'T26005466','2026-07-01',5,27,NULL,50000,2,2272200,'widia',1,'https://financeagro.s3.ap-southeast-3.amazonaws.com/transaction/receipt.403311.jpg','buang sampah (01 juli)',9,9,'2026-07-01 15:53:49','2026-07-01 15:53:50'),(403313,'T26005467','2026-07-01',5,29,NULL,84000,2,2188200,'widia',4,NULL,'minum&makan kuli bongkar gudang (01 juli)',9,9,'2026-07-01 15:56:23','2026-07-01 15:56:24'),(403314,'T26005468','2026-07-01',63,39,NULL,41737500,1,160072796,'widia',1,'https://financeagro.s3.ap-southeast-3.amazonaws.com/transaction/receipt.403314.jpg','setor tunai (01 juli)',9,9,'2026-07-01 16:28:59','2026-07-01 16:28:59'),(403315,'T26005469','2026-07-01',8,36,NULL,10677,1,21321931.399994,'widia',4,NULL,'bunga bank (30 juni)',9,9,'2026-07-01 16:32:48','2026-07-01 16:32:48'),(403316,'T26005470','2026-07-01',8,12,NULL,2135,2,21319796.399994,'widia',4,NULL,'pajak bunga (30 juni)',9,9,'2026-07-01 16:33:34','2026-07-01 16:33:34'),(403317,'T26005471','2026-07-01',8,4,NULL,252000,1,21571796.399994,'widia',1,'https://financeagro.s3.ap-southeast-3.amazonaws.com/transaction/receipt.403317.jpg','pembayaran tk. acong-ps reni (01 juli)',9,9,'2026-07-01 16:37:26','2026-07-01 16:37:26'),(403318,'T26005472','2026-07-01',5,27,NULL,450000,2,1738200,'widia',1,'https://financeagro.s3.ap-southeast-3.amazonaws.com/transaction/receipt.403318.jpg','pembayaran iuran ipl bulan jli (01 juli)',9,9,'2026-07-01 16:40:35','2026-07-01 16:40:37'),(403319,'T26005473','2026-07-01',5,7,NULL,100000,2,1638200,'widia',4,NULL,'ojt sales nabila (01 juli)',9,9,'2026-07-01 16:57:49','2026-07-01 16:57:49');

--
-- Table structure for table `s_transaction_allocation`
--

CREATE TABLE `s_transaction_allocation` (
  `id` int(11) NOT NULL AUTO_INCREMENT,
  `transaction_id` int(11) NOT NULL DEFAULT 0,
  `allocation_number` varchar(20) NOT NULL DEFAULT '',
  `name` varchar(255) NOT NULL DEFAULT '',
  `amount` double NOT NULL DEFAULT 0,
  `description` text DEFAULT NULL,
  `status` tinyint(3) NOT NULL DEFAULT 0 COMMENT '0=draft, 1=aktif',
  `created` datetime DEFAULT NULL,
  `created_by` int(11) DEFAULT NULL,
  PRIMARY KEY (`id`),
  KEY `transaction_id` (`transaction_id`)
) ENGINE=InnoDB DEFAULT CHARSET=latin1 COLLATE=latin1_swedish_ci;

--
-- Dumping data for table `s_transaction_allocation`
--


--
-- Table structure for table `s_transaction_link`
--

CREATE TABLE `s_transaction_link` (
  `id` int(11) NOT NULL AUTO_INCREMENT,
  `transaction_id` int(11) NOT NULL DEFAULT 0,
  `allocation_id` int(11) DEFAULT NULL,
  `link_id` int(11) DEFAULT NULL,
  `link_number` varchar(255) CHARACTER SET utf8mb4 COLLATE utf8mb4_general_ci DEFAULT NULL,
  `link_name` varchar(255) CHARACTER SET utf8mb4 COLLATE utf8mb4_general_ci DEFAULT NULL,
  `link_type` varchar(255) CHARACTER SET utf8mb4 COLLATE utf8mb4_general_ci DEFAULT NULL,
  `link_identity` varchar(255) CHARACTER SET utf8mb4 COLLATE utf8mb4_general_ci DEFAULT NULL,
  `created` datetime DEFAULT NULL,
  `updated` datetime DEFAULT NULL,
  PRIMARY KEY (`id`),
  KEY `idx_transaction_id` (`transaction_id`)
) ENGINE=InnoDB DEFAULT CHARSET=latin1 COLLATE=latin1_swedish_ci ROW_FORMAT=DYNAMIC;

--
-- Dumping data for table `s_transaction_link`
--


--
-- Table structure for table `s_user`
--

CREATE TABLE `s_user` (
  `id` int(1) unsigned NOT NULL AUTO_INCREMENT,
  `email` varchar(50) NOT NULL,
  `password` varchar(255) NOT NULL DEFAULT '',
  `jwt_key` text DEFAULT NULL,
  `name` varchar(255) NOT NULL DEFAULT '',
  `mobile` varchar(50) DEFAULT NULL,
  `image` varchar(255) DEFAULT NULL,
  `level` tinyint(3) NOT NULL DEFAULT 1 COMMENT '1=admin,2=SPV,3=manager,4=Superadmin',
  `status` tinyint(1) unsigned DEFAULT 1,
  `created` datetime DEFAULT NULL,
  `updated` datetime DEFAULT NULL,
  `access_payroll` tinyint(3) NOT NULL DEFAULT 0,
  `access_cashbon` tinyint(3) NOT NULL DEFAULT 0,
  `access_asset` tinyint(3) NOT NULL DEFAULT 0,
  `access_ticket` tinyint(3) NOT NULL DEFAULT 0,
  PRIMARY KEY (`id`),
  KEY `email` (`email`)
) ENGINE=InnoDB AUTO_INCREMENT=292 DEFAULT CHARSET=latin1 COLLATE=latin1_swedish_ci ROW_FORMAT=COMPACT;

--
-- Dumping data for table `s_user`
--

INSERT INTO `s_user` VALUES (1,'abdul.r4hman@gmail.com','$2y$12$kagbflrH6f.QV/7f/16OoO0nVa5ui8/McqLL7PY4tKhGt339tt5JK','','Abdul Rahman','081318227996','',4,1,'2018-01-26 13:39:56','2018-01-26 13:39:56',1,0,0,0),(2,'r4cheem@gmail.com','$2y$12$kagbflrH6f.QV/7f/16OoO0nVa5ui8/McqLL7PY4tKhGt339tt5JK','','Abdul Rahim','081320325846','',4,1,'2018-01-26 13:39:56','2018-01-26 13:39:56',1,0,0,0),(3,'srifitriah.jtk11@gmail.com','$2y$12$kagbflrH6f.QV/7f/16OoO0nVa5ui8/McqLL7PY4tKhGt339tt5JK','','Sri Fitriah','08996161700','',4,1,'2018-01-16 17:23:54','2018-01-16 17:23:54',1,0,0,0),(4,'sastra.afandi@gmail.com','$2y$12$kagbflrH6f.QV/7f/16OoO0nVa5ui8/McqLL7PY4tKhGt339tt5JK','','Setia Darmawan Afandi','','',4,1,'2018-01-16 17:23:54','2018-01-16 17:23:54',1,0,0,0),(5,'febby.jefany@gmail.com','$2y$12$kagbflrH6f.QV/7f/16OoO0nVa5ui8/McqLL7PY4tKhGt339tt5JK','','Febby Olivia Jefany','085271644554','',1,0,'2018-01-29 22:04:57','2018-01-29 22:04:57',0,0,0,0),(6,'vc.ganesha@gmail.com','$2y$12$kagbflrH6f.QV/7f/16OoO0nVa5ui8/McqLL7PY4tKhGt339tt5JK','','Staff Keuangan','081320325846','',2,1,'2018-07-14 11:02:54','2018-07-14 11:02:54',0,0,0,0),(7,'delfcode@gmail.com','$2y$12$kagbflrH6f.QV/7f/16OoO0nVa5ui8/McqLL7PY4tKhGt339tt5JK','','Superadmin','628','',4,1,'2021-07-30 09:27:33','2021-07-30 09:27:33',1,0,0,0),(8,'widi@agroka.com','$2y$12$kagbflrH6f.QV/7f/16OoO0nVa5ui8/McqLL7PY4tKhGt339tt5JK','','widi','62','',2,1,'2022-02-05 02:24:24','2022-02-05 02:24:24',0,0,0,0),(9,'widia@agroka.com','$2y$12$fumGY5kai96.hlgKaQ8HbOoJny0fwWQ3RhWlnJmAPp1TzNDUoYFNa','','widia','62','',2,1,'2022-02-05 02:31:23','2024-07-04 10:36:56',0,0,0,0);

--
-- Table structure for table `s_user_account`
--

CREATE TABLE `s_user_account` (
  `id` int(11) NOT NULL AUTO_INCREMENT,
  `user_id` int(11) NOT NULL DEFAULT 0,
  `transaction_account_id` int(11) NOT NULL DEFAULT 0,
  `created` datetime DEFAULT NULL,
  `created_by` int(11) NOT NULL DEFAULT 0,
  PRIMARY KEY (`id`)
) ENGINE=InnoDB AUTO_INCREMENT=386 DEFAULT CHARSET=latin1 COLLATE=latin1_swedish_ci;

--
-- Dumping data for table `s_user_account`
--

INSERT INTO `s_user_account` VALUES (1,1,1,'2020-01-15 19:36:19',1),(2,1,3,'2020-01-15 19:36:19',1),(3,1,4,'2020-01-15 19:36:19',1),(4,1,2,'2020-01-15 19:36:19',1),(5,1,5,'2020-01-15 19:36:19',1),(11,2,1,'2020-01-15 19:47:01',2),(12,2,3,'2020-01-15 19:47:02',2),(13,2,4,'2020-01-15 19:47:02',2),(14,2,2,'2020-01-15 19:47:02',2),(15,2,5,'2020-01-15 19:47:02',2),(17,3,1,'2020-02-03 13:12:42',3),(18,3,3,'2020-02-03 13:12:42',3),(19,3,4,'2020-02-03 13:12:42',3),(20,3,2,'2020-02-03 13:12:42',3),(21,3,5,'2020-02-03 13:12:42',3),(30,6,3,'2022-02-05 02:26:38',4),(31,6,5,'2022-02-05 02:26:38',4),(32,6,7,'2022-02-05 02:26:38',4),(36,4,1,'2022-02-15 11:41:33',4),(37,4,2,'2022-02-15 11:41:33',4),(38,4,3,'2022-02-15 11:41:33',4),(39,4,5,'2022-02-15 11:41:33',4),(40,4,6,'2022-02-15 11:41:33',4),(41,4,7,'2022-02-15 11:41:33',4),(42,4,8,'2022-02-15 11:41:33',4),(43,9,3,'2022-02-15 11:41:45',4),(44,9,5,'2022-02-15 11:41:45',4),(45,9,7,'2022-02-15 11:41:45',4),(46,9,8,'2022-02-15 11:41:45',4),(385,9,63,'2024-07-11 13:51:25',4);


